 Let i(m) = 5*v(m) + x(m). Suppose -h = -6*k + 5*k - 3, 1 = h + k. What is the hundreds digit of i(h)?
1
Let b(t) = 596*t + 32. Let x be b(2). What is the hundreds digit of x/5 - (-9)/45?
2
Let n be 1*3/((-1)/1). Let w be 3/1 + 2 + (n - -2). Suppose f + w*b - 300 = -49, 3*b = -6. What is the units digit of f?
9
Suppose -11*g = -13*g - 318. Let a = g + 314. What is the units digit of a?
5
Let z(o) = -o**3 - 5*o**2 + 9*o + 13. Let w(u) be the first derivative of u**2 + 17*u + 38. Let a be w(-13). What is the units digit of z(a)?
6
What is the thousands digit of 1044398/15 + 103/(-515) - (-8)/(-6)?
9
Let d(s) = -12*s + 17*s - 2 + s**2 + 1 - 8*s. What is the hundreds digit of d(-16)?
3
Let l = 2220 - 555. Suppose -l = -7*b + 1562. What is the units digit of b?
1
Let v(h) = h**2 - 3*h - 8. Let a be v(5). Suppose -2*o - 448 = -4*c - o, a*c - 206 = 5*o. What is the units digit of c?
3
Suppose -5885 = 114*q - 119*q - 5*c, 0 = -5*q - 4*c + 5884. What is the tens digit of q?
7
Suppose 0 = -g - 4*h + 3931, -4*g - 5*h = 4439 - 20196. What is the tens digit of g?
4
What is the units digit of 5 + (-7 - -8) + 8/(8/9919)?
5
Let m be (9 + -13 + 15/3)*1. Let o(i) = 623*i**2 - 2*i + 1. What is the tens digit of o(m)?
2
Let p(n) be the third derivative of n**4/2 + 11*n**3/6 + 5*n**2. Let u be p(7). Let y = -11 + u. What is the tens digit of y?
8
What is the thousands digit of -17*42/(-306) - (-122656)/6?
0
Let p(u) = -2*u**3 - 6*u**2 - 3*u + 2. Let j = 21 - 17. Suppose -8*s - 44 = -j. What is the units digit of p(s)?
7
What is the units digit of (-692320)/(-48) - ((-20)/(-75))/(4/(-10))?
4
Let w(s) = 8*s**3 + 2*s**2 - s - 1. Let i be w(-1). Let p(m) = 26*m**2 + 14*m - 9. What is the hundreds digit of p(i)?
8
Let f(h) = -h**3 + 2*h**2 + 5*h. Let p be f(4). Let w be (-2)/3 + (-8)/p. Suppose -s + 4*z + 89 - 26 = w, 0 = -3*z + 12. What is the tens digit of s?
7
What is the thousands digit of 3206/(-168)*6*(-132 - 0)?
5
Suppose 135*p - 132*p + 5*j - 122786 = 0, j + 204718 = 5*p. What is the hundreds digit of p?
9
Let b(g) = 38*g**2 - 8 + 12 - 9 + 52*g**2. What is the units digit of b(-2)?
5
Let u(b) = b**2 + 258*b + 238. What is the units digit of u(64)?
6
Let k(u) = u**2 - 7*u + 1. Let g(s) = -s**3 + 10*s**2 - 9*s + 7. Let b be g(9). Let h be k(b). What is the tens digit of ((-8)/(-24))/(h/189)?
6
Let t(n) = 155*n**2 + n + 1. Let x(f) = 621*f**2 + 3*f + 4. Let j(p) = -22*t(p) + 6*x(p). What is the units digit of j(1)?
4
Let b = -141 - -329. Suppose -b = -2*u - 24. Let z = 135 - u. What is the tens digit of z?
5
Let n(z) = 192*z**2 + 8*z + 15. Let u be n(-2). Suppose 0 = -27*p + 26*p + u. What is the units digit of p?
7
Let f(x) be the second derivative of -14*x + 0 - 1/2*x**3 + 12*x**2. What is the units digit of f(-9)?
1
Suppose 139*g - 19*g - 1496057 = 2339383. What is the tens digit of g?
6
Suppose -q + 4*f + 8497 = 0, 0 = -q + 13*f - 11*f + 8497. What is the tens digit of q?
9
Let x(c) be the second derivative of -c**4/12 + c**3/2 + 5*c**2 + 12*c. Let g be x(0). What is the tens digit of ((-174)/(-15))/(4/g)?
2
Let m be 84*(-128)/24*-1. Suppose u = -5*b + 890, -u + b - m + 1344 = 0. What is the tens digit of u?
9
Let b(m) = -8*m**2 + 23*m + 4. Let u be b(3). What is the tens digit of (u + -4)*((-44)/3 + 6)?
2
Let p(o) = -2314*o**2 - 7*o - 9. Let k be p(-1). Let q = -1369 - k. What is the units digit of q?
7
Suppose 2*y = -6*y + 40. Let g(l) = l**2 + y*l + 355 + 0*l**2 - 361. What is the tens digit of g(9)?
2
Let c(s) = -21*s**3 - 10*s - 18 + 20*s**3 - 10*s - 17*s**2. Let f be c(-16). Suppose 0 = y - f - 89. What is the units digit of y?
5
Let o(f) = 2*f + 21. Let x be o(-6). Let y be (-24)/x*-3*(-3)/(-6). What is the units digit of 1*((-8)/2)/y*-67?
7
Let s(z) = -11*z + 125. Let j be s(15). What is the tens digit of (1/8 + 125/j)*-89?
6
Suppose 8046 = m - 5*q, -134*m - q = -131*m - 24170. What is the units digit of m?
6
Suppose 15*m = -2*m + 85. Suppose 0 = -m*i + 26*i - 20874. What is the tens digit of i?
9
Let i = 2 - -13. Suppose -o + 18 = -w + 24, 0 = -5*o - i. What is the units digit of w?
3
Let x(k) = 12*k**2 + 16*k + 23. Let h be x(-9). Let f = -667 + h. What is the tens digit of f?
8
Let i be (1 - 1)*13/(-104). Suppose -3*o - 139 + 724 = i. What is the hundreds digit of o?
1
Suppose 4*p + 38866 = 5*v, -v = -3*v + p + 15544. Suppose v = -35*i + 49*i. What is the tens digit of i?
5
Suppose -g + 3*j - 1545 = 0, -2*g - 3*j - 4275 = -1230. Let d = -818 - g. What is the units digit of d?
2
Let s(r) = -r**3 - 12*r**2 - 6*r + 5. Let z be s(-12). Let p = z + 15. Suppose -l + 5*m + 143 = 0, -l + p = m - 27. What is the tens digit of l?
2
Let n(c) = 5*c**2 + 77*c - 5 + 69*c - 220*c + 73*c. Suppose 2*l + 2*l - 2*y + 14 = 0, 2*l + y = -5. What is the tens digit of n(l)?
4
Let k(v) = -11*v**2 + 22*v - 39. Let a be k(8). Let m = a + 833. What is the tens digit of m?
6
Suppose -4*g + 3 = 3*v, 0 = 5*v - 2*v + 5*g. Suppose -v*a + 378 + 1482 = 0. What is the tens digit of a?
7
Suppose 2*j - 472 - 986 = 0. Suppose -4*f = i - 1455, -3*f + f + i + j = 0. What is the hundreds digit of f?
3
What is the thousands digit of (-342495)/(-210) + 5/70?
1
Let z(s) = -3*s**3 - s. Let k = 15 + -16. Let g be z(k). Suppose 3*l - 2*a = 141, -g*l = 3*a - 6*a - 189. What is the tens digit of l?
4
Let q(o) be the second derivative of -23*o**3/3 - 6*o**2 - o. Let a be q(-3). Suppose -4*r = 4*t - r - 179, -a = -3*t - 5*r. What is the tens digit of t?
4
Suppose 5*k = -5*t + 55085, -2*t + 19439 + 2589 = -4*k. What is the thousands digit of t?
1
What is the hundreds digit of (-1)/3 - 2773512/(-378)?
3
Let z = -94 - -96. Let k(i) = 3*i**3 + 0*i**3 - 49 - i**z + 47. What is the units digit of k(2)?
8
Let y = 70 - 6. Suppose -y = 5*x - 224. What is the units digit of x?
2
Suppose 23980*v - 23963*v = 379695. What is the tens digit of v?
3
What is the thousands digit of 20712 + (4/6)/((-87)/(-261))?
0
Let j(b) = -20*b**2 + 793*b - 31. What is the hundreds digit of j(22)?
7
Suppose 10*z + 5*z = 180. Suppose 0 = -4*v + z, 2*v + 89 = -2*a + 567. What is the hundreds digit of a?
2
Suppose 20*p - 233231 = 349914 + 36215. What is the hundreds digit of p?
9
Let l(o) = -2*o - 7. Let z be l(-7). Let a = 11 - z. Suppose -3*k - 3*i = -300, 3*k - 301 = -0*k - a*i. What is the tens digit of k?
9
Let s be (-128)/96 + 68/6. Suppose 6708 = 3*m + s*m. What is the tens digit of m?
1
Let i = 13194 - 9239. What is the tens digit of i?
5
Let x(p) = -p**2 - 2*p - 3. Let t(u) = -u**2 - 19*u - 40. Let d(g) = t(g) - 4*x(g). What is the hundreds digit of d(17)?
6
Let p(k) = 153*k**2 + 3*k + 7. Suppose 3*i = -5*b + 10, 3*b - b - 4 = 5*i. What is the hundreds digit of p(b)?
6
Let f(k) = 61*k**3 - k**2 + 4*k - 3. Let l be f(1). Suppose -l = -y + 3*z + 305, 0 = 3*y + 4*z - 1137. What is the hundreds digit of y?
3
Let p be (87/12 + -6)/((-1)/(-4)). Suppose -15*s - 79 = -16*s + 4*j, p*s = -2*j + 395. What is the tens digit of s?
7
What is the units digit of ((-36654)/9)/(1 + 80/(-12) - -5)?
9
Let h be (1 - 27) + 4/2. Let u = h + 27. Suppose -4*w + 659 = -u*v + 227, -2*w = -5*v - 230. What is the tens digit of w?
0
Let j be (5/5)/(5*1/20). Let h = 5 + -2. Suppose 0 = 4*w - h*l - 70, 2*w + j*l - 39 = -15. What is the tens digit of w?
1
Let b(w) = w**2 + 47*w - 94. Let a be b(20). Suppose -o + 314 = 3*n, 8*o - a = 4*o - 2*n. What is the hundreds digit of o?
3
Let f = -63 - -268. Let u = 159 + f. What is the tens digit of u?
6
Let k = 16 + -8. Let d be 9 + k/(2/(-1)). Suppose -5*c = -3*n + 131, 0*n - d*c - 168 = -4*n. What is the units digit of n?
7
Suppose -16*m = -17*m + 6. What is the tens digit of (-436485)/(-840) + m/16 + 0?
2
Let r be (93/62)/((-6)/(-16)). What is the units digit of r/(140/14135) + 2/14?
4
Let s = 22535 + -18835. What is the hundreds digit of s?
7
Let k = -78 + 138. Suppose -k*t = -56*t - 2736. What is the tens digit of t?
8
Let b be ((-20)/2)/1 - -3. Let d = -2 - b. What is the tens digit of 447/d - (-39)/65?
9
Suppose -4*j = -g - 472, j - 109 = g - 3*g. Suppose 0 = -5*o - 17 + j. What is the units digit of 925/o + 2/(-8)?
6
Let r(q) be the third derivative of -q**6/60 - q**5/5 - q**4 - 16*q**3/3 + 71*q**2 - 1. What is the tens digit of r(-8)?
1
Suppose 7*v = 4*v - 18, 3*k + 5*v - 46065 = 0. What is the hundred